nd q.
22
Let n = 574 + -314. Suppose 8914*y = 8960*y - 1196. Calculate the greatest common factor of y and n.
26
Let n be 6/(-2) + 24528/(20 + -8). Calculate the highest common divisor of 26 and n.
13
Let o = 84 + -33. Let p be o/(-1)*(128/(-24) - -5). Calculate the greatest common factor of p and 391.
17
Suppose -9*f + 62 = -46. Suppose -3*w + 24 = f. What is the highest common divisor of 9 and w?
1
Suppose 0 = -137*m - 134*m + 4559304. What is the highest common divisor of 3 and m?
3
Let f(h) = -2*h**2 - 25*h - 36. Let c be f(-22). Let o = c - -758. Calculate the greatest common factor of 19 and o.
19
Let o be ((-3)/(-4))/(3/24). Let i = 153 + -149. Suppose 5*r = -q + 1129, o = i*q - 10. Calculate the highest common divisor of 25 and r.
25
Let h be (-219)/(-3) + 47/(-47). Calculate the highest common factor of h and 2196.
36
Let y = -877 + 1167. Let l = y - 289. Calculate the greatest common divisor of l and 1.
1
Let w(r) = 5*r**2 - 2*r. Let a be w(-6). Let d = -14680 + 14686. Calculate the greatest common factor of d and a.
6
Let f be -310*1/((-4)/2). Suppose 376 = 5*o - 3*s - f, -5*s = 3*o - 305. What is the greatest common factor of 30 and o?
15
Suppose 3438*u = 3431*u + 294. Calculate the greatest common divisor of 222 and u.
6
Suppose -18*o + 22*o - 204890 = 2*z, 204895 = 4*o - 3*z. Calculate the highest common factor of 260 and o.
260
Let o = 31 - 29. Suppose -o*q + q + 161 = 0. Calculate the highest common factor of q and 23.
23
Let a be 4 - (-144 + -11) - 23. What is the highest common divisor of a and 2754?
34
Let m(w) = 5 - 9 + 32 - w**2 - 4*w + 7. Let a be m(4). Suppose 0 = -2*t + 6*t - 192. What is the greatest common divisor of t and a?
3
Let s(n) be the first derivative of 29*n**2/2 - 276*n + 97. Let b be s(11). Calculate the highest common factor of 817 and b.
43
Let m(n) = 4*n**3 - 3*n**2 - 26*n + 15. Let o be m(5). Calculate the highest common factor of 180 and o.
10
Let t be -2*(-4)/(-88) + 2484/99. Calculate the greatest common factor of t and 3475.
25
Suppose -4*v + 616 - 415 = -839. Calculate the highest common divisor of v and 3835.
65
Let m = -1903 - -1971. What is the highest common divisor of 164 and m?
4
Suppose -4*c = -c - 60. Suppose -315 = -c*x + 105. What is the highest common divisor of 168 and x?
21
Let p be (-2)/((-8)/(-44)) - 15/(-3). Let z(m) = 7*m**2 + 11*m - 11. Let n be z(p). What is the greatest common divisor of 25 and n?
25
Let j = 15 - 12. Suppose l + 4*i - 120 = -3*l, -l = -j*i - 30. Let k = l + -25. Calculate the highest common factor of k and 5.
5
Suppose -14*m - 12461 = -2633. Let p be (1 - -4 - 6)/(2/m). Calculate the greatest common factor of p and 27.
27
Let f be 3/(-51) + 16926/1054. Let y(m) = 8*m**2 - 5*m + 4. Let j be y(4). Calculate the highest common factor of j and f.
16
Let f(o) = 2*o**2 - 200*o - 608. Let d be f(-3). What is the greatest common factor of d and 2680?
10
Let w = -24811 + 25451. Calculate the highest common divisor of w and 340.
20
Let g = -1953 - -2353. Let n = 0 - -25. Calculate the greatest common factor of g and n.
25
Suppose 0 = -4*h + 21 + 423. Suppose 4*z - 3*z = -c + 70, -2*z + 136 = 3*c. Calculate the highest common factor of h and z.
37
Suppose 17*l - 584 - 1660 = 0. What is the greatest common divisor of 36 and l?
12
Suppose 3*l - 2*l - 1044 = -4*c, 0 = 2*c + 2*l - 522. Let k = -95 + 101. Suppose -52 = -2*w + k. What is the highest common factor of c and w?
29
Let f = -5017 - -5029. What is the greatest common divisor of 956 and f?
4
Let r(q) = 2486*q + 64716. Let b be r(-26). Let d(n) = -n**3 - 3*n**2 - 4*n. Let t be d(-4). What is the highest common divisor of t and b?
16
Let l(p) = p + 10. Let g be l(11). Suppose 0 = -g*j + j + 2800. What is the greatest common factor of j and 105?
35
Let c be (5 - 6) + (2 - 104/(-1)). Let k = c + 138. What is the greatest common divisor of 27 and k?
27
Let s(w) be the third derivative of -w**6/120 + 13*w**5/60 - 5*w**4/24 - 41*w**3/6 + 51*w**2. Let q be s(10). What is the greatest common divisor of q and 11?
11
Suppose 33*y - 13*y + 25*y = 12915. Calculate the greatest common divisor of 123 and y.
41
Let k = -20487 - -29093. Calculate the greatest common divisor of k and 26.
26
Let l = 775 - 320. Let d be (l/5)/(1/1). Calculate the highest common factor of d and 26.
13
Let i(a) be the first derivative of 7*a**3/3 - 3*a**2 + 8*a - 159. Let w be i(4). Calculate the highest common factor of 48 and w.
48
Let g = 1158 - 787. Let i = g - 354. What is the greatest common factor of i and 17?
17
Suppose 5*k = -79*t + 79*t, -t + 16 = 3*k. What is the greatest common factor of t and 40?
8
Let m = -8 - -32. Suppose 11*c = -30*c + 3444. Calculate the greatest common divisor of m and c.
12
Suppose -25*x + 32*x = 616. Suppose -2*d + 137 - 25 = 5*q, x = 3*q - 4*d. What is the greatest common factor of q and 984?
24
Let s be -16*(-48)/(-7 + 13). Suppose -2*f - 8 = -4*j, -4*j - 4*f + 8 = -2*f. Suppose 2*p - 64 = -j*p. What is the greatest common divisor of s and p?
16
Let w = 9 + 2. Let k be w - 2/(0 - 2). Suppose -21*n = -1359 - 1413. Calculate the greatest common factor of n and k.
12
Suppose 3*x = 2*f - 7*f + 57, 20 = 2*f + 4*x. Suppose 6*d = -0*d + 24. Let r be (4 - 0)/d + 23. Calculate the greatest common divisor of f and r.
12
Let b be 1 + 0 - (5 + (-50 - -3)). Suppose 6*q - 5*q = 4, 1270 = 6*g - 5*q. What is the greatest common factor of g and b?
43
Let k be ((-320)/25)/(4/(-10)). Let z = -670 + 726. What is the highest common divisor of z and k?
8
Let j = -9190 + 9202. What is the greatest common divisor of 249 and j?
3
Let k be (1 - (-96)/(-20))/(4/(-40)). Suppose -6*f = 2 - k. What is the greatest common divisor of 8 and f?
2
Let m = 40 - 39. Let p(x) = 6*x**3 + 2*x**2 + 8*x - 7. Let b be p(m). Let i = -147 + 210. Calculate the greatest common factor of i and b.
9
Suppose 4*o = -25*q + 23*q + 11020, 5*o - 13788 = 4*q. Calculate the highest common divisor of 52 and o.
52
Let x = -23 - -12. Let n = x + 23. Let z(a) = -2*a + 108. Let o be z(0). What is the greatest common divisor of o and n?
12
Let v = -2501 + 2600. Let s be 1788/27 + 4/(-18). Suppose r = -r + s. Calculate the highest common factor of r and v.
33
Suppose 15672 = 8*f - 5*z, 2*f + 0*f - 3918 = 4*z. What is the highest common factor of f and 3?
3
Let j = -2739 + 3963. Calculate the greatest common factor of 504 and j.
72
Let o be (-4 + -70*1)*459/(-54). What is the greatest common divisor of o and 666?
37
Let w = 156 - 121. Suppose 18*j + 1666 = w*j. What is the greatest common divisor of j and 14?
14
Let l(y) = -y**3 - 18*y**2 - 12*y - 12. Let u be l(-18). Suppose u = -4*i + 512. Suppose 0 = 12*b - 9*b - 21. Calculate the highest common factor of i and b.
7
Suppose 5*o = -3*p - 460, -o + 5*p - 153 = o. Let x = o - -183. Calculate the greatest common divisor of x and 235.
47
Let n be (-15 - (-1703198)/56) + (-3)/(-4). Calculate the greatest common factor of n and 38.
38
Let p be (1135/9 - 6 - 3/27) + 6. Calculate the greatest common divisor of p and 3626.
14
Suppose 5*c = q + 2*q + 1359, -5*c + 2*q + 1356 = 0. Let r be (-9)/(8/(56/7))*-3. What is the highest common factor of c and r?
27
Let s(f) = 2*f**3 - 15*f**2 - 26*f - 64. Let l be s(12). Calculate the highest common divisor of 260 and l.
20
Let i(l) = -l**3 - 30*l**2 - 64*l - 68. Let v be i(-31). Calculate the highest common factor of v and 14.
7
Suppose 0*l + 6*l - 42 = 0. Let w(m) = 2*m**3 - 12*m**2 + 27*m + 25. Let t be w(l). What is the greatest common divisor of 48 and t?
24
Let f = 121 - 70. Let n(c) = 5*c**3 - 9*c**2 + 12*c - 1. Let v be n(5). Calculate the greatest common divisor of f and v.
51
Let c(h) = 114*h + 2670. Let q be c(-23). What is the greatest common factor of 428 and q?
4
Let j = 1100 + 230. Calculate the highest common divisor of 42 and j.
14
Let y be (-4960)/100*-5 + 4. What is the greatest common divisor of 396 and y?
36
Let y be (60/50)/(-7*(-18)/12180). Calculate the highest common factor of y and 87.
29
Let i = -366 - -361. Let z(d) = -3*d**3 - 8*d**2 + 5. Let l be z(i). What is the highest common factor of 40 and l?
20
Let q be 2 - (-1296 - (-4)/1). Let a = q - 598. Let t be (20/(-6))/((-16)/a). Calculate the highest common divisor of 58 and t.
29
Let k = 1612 + -1244. Let h be (-6